e the highest common factor of h and 30.
6
Suppose -5*l - 44 = -14. Let x(n) = -4*n - 11. Let f be x(l). Calculate the greatest common divisor of 52 and f.
13
Suppose -2*g + 29 = -1. Calculate the greatest common factor of g and 60.
15
Let s(y) = 11*y**2 + 1. Let i be s(3). What is the greatest common divisor of 25 and i?
25
Suppose 15 = 4*r - 1. Suppose -2*x - 92 = -r*j, -4*j - j - x = -122. Let n(l) = -l - 6. Let y be n(-9). Calculate the highest common factor of j and y.
3
Suppose -7*d + 12*d - 5 = 0. Let y be 1/d + -3 - -14. What is the greatest common factor of 4 and y?
4
Suppose -2*x - x + 12 = 0. Suppose -3 = -2*o + 5. What is the highest common divisor of o and x?
4
Let z be (1 + 7/(-1))/(-2). What is the highest common divisor of z and 24?
3
Suppose 5*a - 17 = 8. Suppose -5*l + 0*l = -a. What is the highest common factor of l and 8?
1
Let g(r) = 40*r. Let n be g(1). Let l = 6 - -4. What is the highest common divisor of l and n?
10
Suppose -4*j + 2*r = -7*j + 320, r = 4*j - 445. Suppose 5*w - 3 = -4*t + j, 4*t + 12 = 0. Calculate the highest common divisor of 10 and w.
5
Suppose 7 = 4*n - 1. Let r(v) = -2*v**2 + v + v**2 + 3*v**2 - n. Let u be r(2). What is the highest common divisor of 24 and u?
8
Suppose -2*i + 6*i = 0. Let b be 2 + i/(-3) + 43. Calculate the greatest common divisor of 18 and b.
9
Let y be 2/4*(11 + 1). Calculate the greatest common factor of 6 and y.
6
Let p = 12 - 5. Suppose p = z - 9. What is the highest common factor of z and 8?
8
Let j(p) = -9*p - 2. Let l be 6/(-4)*(-12)/(-9). Let y be j(l). What is the highest common factor of 16 and y?
16
Suppose -6*z = -0*z - 144. Suppose 3*q = -q + 240. What is the highest common divisor of z and q?
12
Let s(u) = 4*u - 10. Let a be s(7). Suppose 2*q - 5*q = 108. Let k = 54 + q. Calculate the greatest common factor of k and a.
18
Let d(o) = o**3 - 17*o**2 + 17*o - 1. Let z be d(16). Calculate the greatest common divisor of z and 10.
5
Let x(m) be the second derivative of m**4/4 - 5*m**3/6 - m**2 + 6*m. Let k be x(5). Suppose -3*q - 32 = -5*q. What is the highest common divisor of k and q?
16
Suppose 5*n + 6 - 31 = 0. Suppose -n*r + 333 = -17. Calculate the highest common divisor of 28 and r.
14
Let p be 15 + 6*(-1)/2. What is the highest common factor of p and 12?
12
Let s = -62 - -74. Calculate the highest common divisor of s and 20.
4
Suppose 5*b - 1030 = -z - 0*z, -5*z - 25 = 0. Calculate the highest common divisor of 23 and b.
23
Suppose -5*q + 20 = -0*q. Suppose 4*s - k = 1346, s + 5*k + 1690 = 6*s. Suppose 0*j - s = -q*j. Calculate the highest common divisor of 12 and j.
12
Suppose 7*u - 6*u = 33. What is the greatest common factor of u and 264?
33
Let i be 11/(-3) + 1/(-3). Let y be -21*(-2 - (i + 3)). Let o be (3 + (-15)/9)*y. Calculate the highest common divisor of 28 and o.
28
Let q(v) = -v**3 + 10*v**2 + v + 6. Let g be q(10). Calculate the highest common factor of 32 and g.
16
Suppose -3*u - 6 + 18 = 0. Suppose -w - 121 = -u*a, 0 = 4*w + 4. Calculate the highest common divisor of a and 20.
10
Suppose 0 = -4*i - i. Suppose i*n + 2*n - 140 = 0. Let v = -107 - -135. What is the highest common divisor of n and v?
14
Let p = 194 + -77. Calculate the highest common factor of p and 13.
13
Let h = 174 - 111. What is the highest common divisor of 21 and h?
21
Let j be 11 - 5/((-15)/12). Calculate the highest common divisor of 3 and j.
3
Let b be (1*-7)/((-3)/(-15)). Let z = 125 + b. What is the greatest common divisor of 18 and z?
18
Suppose 2*b - 3*b = -15. What is the greatest common divisor of 6 and b?
3
Let d(r) = 4*r**2 - 5*r - 4. Let c be d(4). Calculate the greatest common divisor of c and 10.
10
Suppose -21*t = -23*t + 98. Let w be (-4)/(-6)*21/2. Calculate the highest common factor of t and w.
7
Suppose -4*j = -2*j - 4, -3*j + 51 = 5*s. Let v be 59 - (0 - (-4 + 8)). Calculate the greatest common factor of s and v.
9
Let o = 38 + -26. What is the greatest common factor of 8 and o?
4
Suppose -2*l + 4*d + 2 = 0, -6*d = l - 2*d - 19. What is the greatest common factor of 70 and l?
7
Let n = 44 - -16. What is the highest common factor of 24 and n?
12
Suppose 0*j + 119 = 4*r + j, -4*r = 3*j - 117. Calculate the highest common factor of 10 and r.
10
Suppose -3*h + 2*h = -2*a + 1, -4*h + 4*a + 8 = 0. Calculate the highest common divisor of h and 15.
5
Suppose -4*x + 5*y = -114, -2*y = -3*x + 29 + 60. Calculate the greatest common divisor of 93 and x.
31
Let w(s) = 13*s**2 - 2*s - 4. Let r(b) = 7*b**2 - b - 2. Let d(p) = 13*r(p) - 6*w(p). Let o be d(-2). Calculate the greatest common factor of 13 and o.
13
Let j = 25 - -17. What is the greatest common factor of 210 and j?
42
Let v(q) = 9*q**2 + q - 1. Let g be v(1). Let u be ((-18)/8)/(g/(-24)). What is the greatest common factor of 2 and u?
2
Let h be (2 + -3)*(-34 + -1). Suppose -115 + h = -u. What is the greatest common divisor of u and 10?
10
Let f(v) = 3*v**2 - 24*v + 5. Let z be f(8). What is the highest common factor of 10 and z?
5
Let c(y) = y**2 - 4*y + 5. Let l be c(-5). Suppose l + 58 = 3*p - 5*o, -72 = -2*p - 3*o. Let z = p - 23. Calculate the greatest common divisor of z and 26.
13
Let b be (1 + 43)*(-14)/(-8). Let s(y) = 2*y**2 + y. Let h be s(1). Let c be -22*(h + (-28)/8). What is the highest common factor of c and b?
11
Let d(z) = -z**2 - 8*z - 6. Let s be d(-8). Let g = s + 8. Suppose 4*m - 6 = g*m, 5*o - 8 = -m. Calculate the highest common divisor of 8 and o.
1
Let s(l) = 2*l + 2. Let b be s(2). Let k = b + -15. Let x(p) = -p**3 - 8*p**2 + 7*p + 2. Let m be x(k). What is the greatest common divisor of 40 and m?
20
Let r(f) = -10*f - 16. Let c be r(-3). Let u = 128 + -30. What is the highest common factor of c and u?
14
Suppose c + 0*c = 3. Suppose 5*i - k - 50 = 0, 0*i + 30 = 3*i + c*k. What is the greatest common factor of 5 and i?
5
Suppose 6*c - 3*c = 99. What is the greatest common factor of 22 and c?
11
Suppose -9 = -t + 8. Let m = t - 10. Calculate the highest common factor of m and 35.
7
Let a be (10 - 0) + 0/(-9). Suppose -3*r - r + 80 = 0. What is the highest common factor of a and r?
10
Suppose -5*j = 5*y - 50, 3*y - 10 = -2*j + 6*y. Suppose 0 = -5*x - 0*x + 80. What is the greatest common factor of x and j?
8
Let b be (-12)/(-18) - (-534)/9. Calculate the greatest common factor of b and 15.
15
Let f(v) = -v + 2. Let h be f(0). Let x be 1/h - (-1842)/12. Calculate the greatest common factor of x and 22.
22
Let m = -26 + 41. Calculate the highest common divisor of 15 and m.
15
Suppose -3*l = -0*l - 24. Suppose -l = 2*s - 44. Calculate the highest common divisor of 27 and s.
9
Let n = 15 + -7. Suppose -3*c = 5*g - 34, -2*c - 5*g - 18 = -44. What is the greatest common divisor of c and n?
8
Suppose 0 = -5*j + 2 + 238. Let n = 88 - j. Calculate the greatest common divisor of 60 and n.
20
Let x be 2*-1 + (-10)/(-1). Let f be (-8)/(-3) + 1/3. Suppose 2*g - 60 = -f*g. What is the greatest common divisor of x and g?
4
Let v = 235 - 117. Suppose -4*q - 252 = -4*n, -5*n + 3*q = -201 - v. Let l be 106/8 + (-4)/16. Calculate the highest common factor of n and l.
13
Let y = -25 - -25. Suppose y*g - 4*g = -20. Calculate the greatest common divisor of 40 and g.
5
Suppose 5*b = -2*d + 584, d + 4*b = 3*d - 620. Suppose 4*p + 3*j = p + 186, -5*p = 3*j - d. Calculate the greatest common divisor of p and 87.
29
Suppose -4*g + 5 = -3. Suppose -3*o + 2*o - m = -46, -93 = -g*o - 3*m. What is the highest common factor of 30 and o?
15
Let z be 9 + (0 - 2 - -4). Suppose 0 = 3*u + 3 + 18. Let d be 2/(-7) - 79/u. What is the highest common divisor of z and d?
11
Let r be 4 + 2*(-1)/(-2). Suppose 0 = r*n - 5*b - 125, 46 = 2*n - 0*b - b. Calculate the greatest common factor of 147 and n.
21
Let x(v) = -v**3 + 7*v**2 + 2*v - 6. Let p be x(6). What is the highest common divisor of 21 and p?
21
Let q be (-18)/(-2 + 1) + -1. Suppose -4*p - 34 = -y, -y - p + q + 12 = 0. What is the greatest common factor of 15 and y?
15
Suppose -2*y - x + 44 = -45, 4*x = 5*y - 229. What is the greatest common divisor of 18 and y?
9
Suppose -3*k - 10 = -5*a, 3*a - 5 = 3*k + 1. Let h(n) = -3*n. Let r be h(-2). Calculate the highest common divisor of a and r.
2
Suppose -4*y = -8, 2*y = -j + 20 + 20. Calculate the highest common factor of 9 a